(6). Suppose -8*l = -6*l - c. Is l a prime number?
True
Suppose 3*a - z = 2*z - 1098, 5*z + 5 = 0. Let d = -210 - a. Is d composite?
False
Let w(j) be the first derivative of 147*j**2/2 - 44*j + 6. Is w(7) a prime number?
False
Is (-7 - 110/(-15))/(1/15231) prime?
True
Suppose 0 = -6*m + 9*m + 3339. Let v = -579 - m. Let g = v - 267. Is g a prime number?
False
Is ((-2)/1)/(-2*(-1)/(-5515)) a composite number?
True
Let t(w) = 44*w - 9. Let y = -74 - -76. Is t(y) composite?
False
Let p(f) = -3*f**3 - f**2 + 3*f - 1. Let m be (-3 + -2)*(-12)/(-15). Let g be p(m). Suppose 5*q = 4*q + g. Is q a prime number?
True
Suppose -5*v = -4*c - 42299, -5*v - 5*c = -4*v - 8454. Is v a composite number?
True
Let p(q) = -2*q**2 + 842*q - 3*q**3 - 14 + q**2 - 853*q. Is p(-7) a composite number?
True
Let x(t) be the third derivative of -t**6/120 - t**5/5 - 13*t**4/24 - 17*t**2. Suppose -2*u - 19 = -4*q - 59, 0 = 3*q + u + 35. Is x(q) composite?
True
Suppose 4 = 4*n, -5*n = 4*m + 38861 - 12886. Is 2 + 3/(18/m)*-2 a prime number?
False
Suppose 8*f = 36 - 4. Suppose -f*u = 3*z - 356, 5*z + 137 = 2*u - 41. Is u a composite number?
False
Suppose -4*p - 12 = 0, -5*u - 3*p + 1 = -5. Suppose -j + 72 = -89. Suppose -u*b + j = -2*b. Is b prime?
False
Let f(u) = u**3 + 9*u**2 - 10*u + 3. Let o be f(-10). Suppose o*b + 21 + 33 = 0. Let m = b + 97. Is m composite?
False
Let q be (288/120)/((-2)/(-10)). Let m(v) = 9*v**2 - 3*v - 11. Is m(q) prime?
True
Let n = -93 - -132. Let h = n + -23. Is 18466/10 + h/40 a composite number?
False
Suppose 2*i - h + 68 = 0, 3*h + 56 = -2*i + 4. Let y = -37 - i. Is 14/(-2)*15/y composite?
True
Let b = -5686 - -7993. Is b a prime number?
False
Let k(c) = 3*c + c**3 - 12 - 4*c**2 + 0*c - 1 - 5*c**2. Let v be k(9). Let d = 37 - v. Is d a composite number?
False
Suppose -894*c = -898*c + 4764. Is c composite?
True
Suppose -5*z + 5 = -5*s + 40, 0 = 2*z + 10. Is s*(-3)/3 - -523 a composite number?
False
Let n(p) = -6 - 3*p**2 + p**2 + 3*p**2 + 7*p + 0*p**2. Let w be n(-6). Is 8/w - 514/(-6) prime?
False
Let w = 64 - 31. Suppose w = 2*m - 41. Is m composite?
False
Let q = 259 + -252. Let p(t) = 41*t + 16. Let k(c) = -42*c - 16. Let y(w) = -4*k(w) - 3*p(w). Is y(q) composite?
False
Let d = 19 - 9. Let i be 1/(-3) - (-10)/3. Is i*(-172)/(-24)*d a composite number?
True
Let a = -96 + 157. Suppose 264 = -0*g - 4*g. Let t = a - g. Is t composite?
False
Let q(z) = z - 1. Let a be q(3). Suppose 4*p = a*p + 2, -4*p + 34 = 3*g. Is g/(-35) + (-387)/(-7) prime?
False
Let i(y) = -y**2 + 3*y + 3. Let t be i(5). Suppose 2*c - 10 = 2*z, 15 = -c + 4*z - 8*z. Is c/7 - 1308/t a composite number?
True
Suppose 0 = 2*c - 2, -2*c = 2*q - 615 - 433. Suppose -s + q = -3*j, 5*j = -0*s - s + 555. Is s a prime number?
False
Let q(l) = -l**3 - 11*l**2 + 16*l + 7. Let m(t) = t. Let o(j) = 3*m(j) - q(j). Is o(-10) composite?
False
Let h = -692 - -4077. Is h a composite number?
True
Let a(h) = 1581*h**2 - 35*h - 65. Is a(-2) prime?
True
Let q be (0 + -3 - 0)*-1. Is q*(-6)/9 - -220 composite?
True
Suppose -k + 301844 = 3*l, -2*l + 3*k + 201227 = 6*k. Is l a composite number?
True
Suppose 24904 = 9*z - 28115. Is z a composite number?
True
Let u be 2/(-6 + 4) - -4. Suppose -5*o - q = -3456, -o = u*q - 0*q - 694. Is o a prime number?
True
Suppose -8*b = -152587 + 27123. Is b a composite number?
False
Let r = -941 - -1818. Is r a prime number?
True
Let y = -4392 + 6239. Is y a prime number?
True
Let c be (3/(-36)*-15)/(2/(-15784)). Is (c/2)/5*(-4 - -2) a prime number?
True
Suppose 751*m - 759*m + 185096 = 0. Is m a composite number?
True
Let w(d) = -18*d**3 - 2*d**2 - 2*d - 1. Let s = 24 - 26. Let j be w(s). Let m = j + -48. Is m prime?
False
Suppose 1 = -4*y - 19. Is (-165)/y*(-20)/(-12) composite?
True
Let x(r) = r**2 + 3*r - 11. Let q be x(-6). Is (265*1)/(q/7) a prime number?
False
Let r(j) be the third derivative of 7*j**5/60 + j**4/12 - j**3/3 + 24*j**2. Is r(-3) a prime number?
False
Let w(b) = -41*b + 8. Let c be w(9). Let r = 365 - -439. Let l = c + r. Is l a composite number?
False
Let z(p) = 2*p - 5. Let y be z(17). Suppose 27*v + 530 = y*v. Is v a composite number?
True
Suppose -4*s - 8 = -q + 5*q, q = -4*s - 14. Suppose -d = 4*p - 5*d - 1160, 571 = q*p - 5*d. Is p prime?
True
Let t(w) = 5*w**2 + 39*w**3 + w**2 - 3 - 4*w**2. Let z = 2 - 0. Is t(z) prime?
True
Suppose 0 = -d - 5*t + 2238, -5*d + t = -1679 - 9589. Is d a composite number?
True
Let i(f) = -2*f**2 - 21*f + 12. Let c(l) = l**2 + 22*l - 12. Let t(u) = -2*c(u) - 3*i(u). Let x be t(8). Suppose -x = -2*k + 190. Is k a prime number?
True
Let j be 1 - (36/(-28) - (-2)/7). Suppose -j*m - 6*m = -9208. Is m a composite number?
False
Let m(d) = -d**3 + 5*d**2 + 8*d - 7. Let j be m(6). Let k be (3 - 4)/((-1)/j). Suppose k*n - 418 = 4*a, 0*n + 5*a + 92 = n. Is n composite?
True
Let a = 2256 + -576. Suppose 7*x = -a + 4333. Is x composite?
False
Let c = 5 + -45. Let l be ((-15)/4)/((-15)/c). Is (-3)/2 - 275/l a prime number?
False
Let s = -26 + -4. Is (-1826)/(-6) - s/45 composite?
True
Suppose -10*o + 4*o = 0. Suppose -5*r + 4*j = -433, o*r + r - 74 = 5*j. Is r a prime number?
True
Suppose 1 = -u, 3*v + 10*u = 15*u + 13148. Is v composite?
True
Suppose -6*k - 2*w - 230 = -k, -25 = 5*w. Let i be (-66)/k*(2 + 0). Suppose -i*l = -2*l - 331. Is l prime?
True
Let s(r) = -3*r**3 - 3*r**2 - 4*r - 2. Let t be s(-1). Suppose 2*z - 2449 = -5*m, -t*z + 973 = 2*m + z. Is m a prime number?
True
Suppose -8 = 4*j, j = -k - 4*j - 4. Suppose k = 9*c - 6*c. Suppose 3*n + 6*p = c*p + 1667, -n - 4*p + 553 = 0. Is n a prime number?
True
Suppose 0 = -6*d - 6 - 24. Is (2 + -1)*(-1)/(d/1535) a composite number?
False
Suppose 2*m + 8 = 2*z, -3*m = -4*z - 0*m + 16. Suppose 4 = -4*w - 4*c, 3*w = c + z*c + 21. Suppose -789 = w*t - 5*t. Is t prime?
True
Let y be 41074/30 + 8/(-60). Suppose -5*g = 5*v - 6865, g - v = -0*v + y. Is g composite?
True
Suppose -q + 12468 = t, 0 = 2*t - 39 + 49. Is q prime?
True
Suppose -5*j + 634171 = -3*o, -634173 = -5*j - 5*o + 9*o. Is j composite?
True
Let k(a) = -a**2 + 6*a - 2. Let u be k(6). Let w be (u/4)/((-3)/30). Suppose 0 = -w*y + v + 748, -y - 4*v = 3*y - 584. Is y a prime number?
True
Suppose -4*w = -q - 16, 25 = -4*q - 0*q + 3*w. Let u = 0 - q. Is 21 + (u - 3) + -1 prime?
False
Let q(j) = 3*j**2 - 15*j + 15. Let n = -6 + 4. Let y(h) = -h**2 - 1. Let i(r) = n*y(r) - q(r). Is i(10) a prime number?
True
Suppose 3*i + 247 + 1159 = 4*d, 3*i + 2*d = -1412. Let n = 2089 + i. Is n composite?
False
Suppose 0 = -4*m + 8 + 4. Suppose -2*g - m*g - 2*p = -2239, 0 = -2*g - p + 895. Is g a prime number?
True
Let k(i) = -i**2 - 7*i + 3. Let l be k(-7). Suppose 100 = 3*b + 2*z, 6*b + 4*z - 110 = l*b. Let a = b - -268. Is a composite?
True
Let b(f) = 4*f - 10. Let q be b(3). Let r(z) = -z - 5 - 2*z + 0*z + 33*z**q + 0*z. Is r(-2) composite?
True
Is 2 + (-3)/1 + (0 - -332) a composite number?
False
Let n(d) = d**2 - 3*d + 6. Let q be n(2). Let m(u) = 357*u - 29. Is m(q) a composite number?
False
Let u(q) = q**3 - 10*q**2 + 9*q - 1. Suppose 2*v - 16 - 24 = 0. Suppose -4*b + v = -20. Is u(b) a prime number?
True
Suppose -2*f = -2*s + 2*f + 18, 4*s + f = 0. Is s + (-3)/(2 - 1) - -1969 a composite number?
True
Let j(u) = -3*u**2 + 7*u + 10. Let g be j(-3). Let s = 21 - g. Is s composite?
False
Let l(m) = m + 1. Let h be l(3). Let z(r) = r**2 - 3*r - 1. Let p be z(h). Suppose -c - u + 211 = -5*u, p*u = 5*c - 1021. Is c a composite number?
True
Let c(n) = -204*n - 53. Let x be c(-26). Suppose 5*z = x + 3214. Is z prime?
True
Suppose -19*c + 133918 + 1368697 = 0. Is c a composite number?
True
Let q(r) = r - 3. Let z be q(5). Suppose -4*b + 8*b + z*f = -4, 0 = b + f + 2. Is (-1 - b)/((-11)/913) a composite number?
False
Suppose -4 = -l - 1. Suppose 1065 = 5*j - 5*c + c, 0 = -j + l*c + 224. Is j a composite number?
True
Suppose -12*h - 7 = -13*h. Suppose 67 = 3*j + 3*f - h*f, -j + 4*f = -17. Suppose -j - 66 = -a. Is a prime?
False
Is (-4)/(-24) + 1918405/30 prime?
False
Suppose -6*x = -0 - 18. Suppose 5*k + x*k = 952. Is k composite?
True
Suppose 0 = 4*q, 2*r - 2199 = -r - 4*q. Is r prime?
True
Suppose 0 = -8*a + 5*a + 35187. Suppose -3*x - 4*p + 11705 = 0, 4*x = x + 2*p + a. Is x a composite number?
False
Suppose 0 = 5*f + 5*s + 750